{"id":48268,"date":"2025-10-01T16:18:56","date_gmt":"2025-10-01T16:18:56","guid":{"rendered":"https:\/\/kgv-frohestunde.de\/?page_id=48268"},"modified":"2025-10-01T16:50:54","modified_gmt":"2025-10-01T16:50:54","slug":"impressum-2","status":"publish","type":"page","link":"https:\/\/kgv-frohestunde.de\/?page_id=48268","title":{"rendered":"Impressum"},"content":{"rendered":"\n<p>Kleing\u00e4rtnerverein \u201eFrohe Stunde\u201c e.V.<br>Saalhausener Str. 42<br>01159 Dresden<br>Deutschland<\/p>\n\n\n\n<p>Tel.: +49 (0)351 4116543 (AB)<br>E-Mail: kgv.frohestunde@gmx.de<\/p>\n\n\n\n<p>Registergericht: Amtsgericht Dresden<br>Registernummer: Nr 696<\/p>\n\n\n\n<p>Vertretungsberechtigter Vorstand: Matthias Feld<\/p>\n\n\n\n<p>Haftungsausschluss:<\/p>\n\n\n\n<p>Wir bem\u00fchen uns, auf dieser Website richtige und vollst\u00e4ndige Informationen zur Verf\u00fcgung zu stellen. Wir \u00fcbernehmen jedoch keine Haftung oder Garantie f\u00fcr die Aktualit\u00e4t, Richtigkeit oder Vollst\u00e4ndigkeit der auf dieser Seite bereitgestellten Informationen. Dies gilt auch f\u00fcr alle Verbindungen (Hyperlinks), auf die diese Website direkt oder indirekt verweist. Wir sind f\u00fcr den Inhalt einer Seite, die mit einem solchen Link erreicht wird, nicht verantwortlich.<\/p>\n\n\n\n<p>Stand: 01.10.2025<\/p>\n","protected":false},"excerpt":{"rendered":"<p>Kleing\u00e4rtnerverein \u201eFrohe Stunde\u201c e.V.Saalhausener Str. 4201159 DresdenDeutschland Tel.: +49 (0)351 4116543 (AB)E-Mail: kgv.frohestunde@gmx.de Registergericht: Amtsgericht DresdenRegisternummer: Nr 696 Vertretungsberechtigter Vorstand: Matthias Feld Haftungsausschluss: Wir bem\u00fchen uns, auf dieser Website richtige und vollst\u00e4ndige Informationen zur Verf\u00fcgung zu stellen. Wir \u00fcbernehmen jedoch keine Haftung oder Garantie f\u00fcr die Aktualit\u00e4t, Richtigkeit oder Vollst\u00e4ndigkeit der auf dieser Seite bereitgestellten &hellip; <a href=\"https:\/\/kgv-frohestunde.de\/?page_id=48268\" class=\"more-link\"><span class=\"screen-reader-text\">Impressum<\/span> weiterlesen<\/a><\/p>\n","protected":false},"author":1,"featured_media":0,"parent":0,"menu_order":0,"comment_status":"closed","ping_status":"closed","template":"","meta":{"footnotes":""},"class_list":["post-48268","page","type-page","status-publish","hentry"],"_links":{"self":[{"href":"https:\/\/kgv-frohestunde.de\/index.php?rest_route=\/wp\/v2\/pages\/48268","targetHints":{"allow":["GET"]}}],"collection":[{"href":"https:\/\/kgv-frohestunde.de\/index.php?rest_route=\/wp\/v2\/pages"}],"about":[{"href":"https:\/\/kgv-frohestunde.de\/index.php?rest_route=\/wp\/v2\/types\/page"}],"author":[{"embeddable":true,"href":"https:\/\/kgv-frohestunde.de\/index.php?rest_route=\/wp\/v2\/users\/1"}],"replies":[{"embeddable":true,"href":"https:\/\/kgv-frohestunde.de\/index.php?rest_route=%2Fwp%2Fv2%2Fcomments&post=48268"}],"version-history":[{"count":1,"href":"https:\/\/kgv-frohestunde.de\/index.php?rest_route=\/wp\/v2\/pages\/48268\/revisions"}],"predecessor-version":[{"id":48269,"href":"https:\/\/kgv-frohestunde.de\/index.php?rest_route=\/wp\/v2\/pages\/48268\/revisions\/48269"}],"wp:attachment":[{"href":"https:\/\/kgv-frohestunde.de\/index.php?rest_route=%2Fwp%2Fv2%2Fmedia&parent=48268"}],"curies":[{"name":"wp","href":"https:\/\/api.w.org\/{rel}","templated":true}]}}